ide (-1)/(-1)*(n + 7)?
True
Let g be (-3)/(-3)*(4 - 19). Let p(z) = -3*z + 15. Does 17 divide p(g)?
False
Let k = 6 - 10. Let p be -4 + -1*(-4 - -2). Is 5 a factor of (p/k)/(1/22)?
False
Let x(l) = -l**3 + 4*l**2 - 3*l + 1. Let u be x(2). Suppose -k - 2*n - 3*n + 17 = 0, -5*k = -3*n - 1. Suppose 0 = -u*z + 8 - k. Is z even?
True
Let d = -41 - -109. Is 12 a factor of d?
False
Let j(f) = 5 + 0 + f + 0 + 2. Does 6 divide j(7)?
False
Let y(p) = -p**3 + 2*p**2 + 3*p - 4. Let n be y(7). Let z = n - -395. Is (z - -1)/3 + 0 a multiple of 23?
False
Is 12 a factor of (-2)/4 + (1 - 315/(-6))?
False
Suppose -515 = -4*y - y. Suppose y = 5*u - 2. Is u a multiple of 21?
True
Suppose 0 = -8*c + 12*c - 580. Let o = c - 98. Is o a multiple of 18?
False
Let z = -36 - -42. Does 3 divide z?
True
Let j(o) = 5*o**3 + 11*o**2 + 11*o - 5. Let t(f) = 9*f**3 + 21*f**2 + 21*f - 9. Let k(d) = 11*j(d) - 6*t(d). Is k(6) a multiple of 2?
False
Suppose 22 = 2*q + 2*t, -2*q + q - 2*t = -8. Does 14 divide (7/q)/(1/74)?
False
Suppose -3*x = 2*l - l - 7, 0 = -2*l - 2*x + 2. Is 444/22 + l/11 a multiple of 11?
False
Suppose -3 = 5*y - 13. Suppose x + r - 5*r = 22, -5 = -5*x - r. Suppose -x*p - 3*w + 65 = y*w, 0 = p - w - 22. Does 11 divide p?
False
Suppose 587*y - 582*y - 2565 = 0. Is 27 a factor of y?
True
Does 7 divide (28/(-8))/(1/(-2))?
True
Does 18 divide (-2)/(-4) + 585/10?
False
Let s(u) = -u**3 - 5*u**2 + 4*u - 8. Suppose 2*k + 3*k = 0. Let r(q) = q**3 - 6. Let t be r(k). Does 4 divide s(t)?
True
Let s(f) = f + 3. Suppose 3*p - 5*k + 8*k + 6 = 0, -4*p - 3*k = 11. Let o be s(p). Is 16 a factor of 37*-1*o/2?
False
Suppose -39*t + 42*t - 60 = 0. Is 10 a factor of t?
True
Let d(y) = -7*y**3 + 20*y**2 + 15*y + 4. Let l(b) = -11*b**3 + 30*b**2 + 23*b + 6. Let n(j) = 8*d(j) - 5*l(j). Is 22 a factor of n(10)?
False
Let x = -45 - -171. Does 18 divide x?
True
Let t be (-2 - -67) + -3 + 0. Suppose 5*p + 3*q - t = -6, 3*p + q - 36 = 0. Is 13 a factor of p?
True
Let r be (2/(-4)*0)/(-2). Is -10*(-1 + -1 - r) a multiple of 9?
False
Suppose -2*t - 141 = -2*o + t, 5*o + 3*t - 405 = 0. Does 23 divide o?
False
Suppose -4*z + u = 2*u - 19, -25 = 5*u. Let x(r) = 2*r**3 - 1 - r**3 + 4*r + 4*r - 7*r**2. Is x(z) a multiple of 7?
False
Suppose -3*l + 7*l = 12. Suppose 2*i - 6 = -5*v, 2 + 4 = l*v + 2*i. Suppose -2*o + v*o + 22 = 0. Does 9 divide o?
False
Let y(m) be the second derivative of 1/12*m**4 - 5/6*m**3 + 2*m - 1/2*m**2 + 0. Does 12 divide y(8)?
False
Let u = 40 - 32. Let o(y) = 7 - 2 + y + 0*y. Does 9 divide o(u)?
False
Let c(q) = q**2 + 2*q - 4. Let f(h) = -h**2 - 6*h - 4. Suppose -4*z = -7*z - 12. Let d be f(z). Is 10 a factor of c(d)?
True
Is 24 a factor of -1*(4 + -2)*-36?
True
Let a = -4 + 3. Is 14 a factor of a + (1 + 0 - -42)?
True
Let b(j) = 4*j**2 - j - 1. Let k be b(-1). Suppose -4*m = -k - 148. Does 19 divide m?
True
Let z be ((-10)/(-2))/(1/199). Is 20 a factor of z/25 - (-1)/5?
True
Suppose -2*o + 4*o = 0. Let c(i) be the third derivative of i**6/120 + i**5/60 + 2*i**3 - 3*i**2. Is c(o) a multiple of 12?
True
Suppose 1 = 2*f - 7. Suppose -3 = -b + 3*u, f = -5*u + 24. Does 14 divide b?
False
Let w = 7 + -10. Let r be w + 3 + 1/1. Suppose j - 23 = r. Is j a multiple of 12?
True
Let d = -21 + 81. Is 15 a factor of d?
True
Suppose 5*o = 15 + 185. Is o a multiple of 8?
True
Let u = -207 + 315. Let x = -44 + u. Is x a multiple of 16?
True
Let o(n) = 3*n + 2. Let t(w) = -2*w - 3. Let z(k) = -4*o(k) - 3*t(k). Is 12 a factor of z(-3)?
False
Let k = 197 + -97. Suppose 0 = -2*x + 7*x - k. Is x a multiple of 10?
True
Let g(r) = 29*r - 4. Does 11 divide g(2)?
False
Let w(j) = -j**2 - 8*j + 2. Let x be w(-8). Suppose -k + x*k = -5. Is -5*(2 - (-44)/k) a multiple of 17?
True
Suppose -2*x = -0*x. Suppose -52 = -2*m - 0*d + 4*d, 4*m + 2*d - 94 = x. Let p = m + 8. Is 16 a factor of p?
True
Suppose -2*u - 8 = -4*u. Is 15 a factor of (11/(-2))/((-1)/u)?
False
Suppose 11 = 3*b - 43. Is b a multiple of 13?
False
Suppose -3*l = 5*b - 40, 6 = 4*b + 3*l - 29. Suppose 2*s + 31 + 1 = -4*o, 0 = 5*o - b. Let k = 44 + s. Is 12 a factor of k?
False
Let r be -4 + -9 + (5 - 2). Let w = -8 - r. Is w a multiple of 2?
True
Suppose -h + t + 70 = 0, 5*h = 4*t + 169 + 183. Is h a multiple of 24?
True
Let f = -2 - 3. Let l(k) = -k**3 - 4*k**2 + 4*k + 3. Let o be l(f). Let g = o - 1. Does 4 divide g?
False
Suppose 4*v - 14 = 3*u, -u = -5*v + 15 + 8. Suppose u = -3*j + j. Let t = j + 17. Does 16 divide t?
True
Let n(d) = -6*d - 16. Is n(-5) a multiple of 14?
True
Let o = 40 + 240. Does 10 divide o?
True
Let t(f) = 9 - 10*f + f**2 + f**3 + 0*f**2 + 6*f**2. Does 7 divide t(-8)?
False
Let h be (2 - 3)/((-1)/12). Suppose -5*y + 4*v + 20 = -v, -h = -3*y + 5*v. Suppose 0 = n + 4*c - y, -c = -n + 6 + 3. Is n a multiple of 3?
False
Let q(j) = -2*j. Let r be q(-2). Suppose r*h + h = 65. Is h a multiple of 8?
False
Let o(q) = 124*q + 1. Does 25 divide o(1)?
True
Suppose c = 5, c = 7*d - 3*d + 21. Let t = d - -14. Is 4 a factor of t?
False
Let d(w) = -w - 11*w**2 - 5*w - 2 - 18*w**3 - 5*w**3 + 4*w. Let z(o) = -12*o**3 - 6*o**2 - o - 1. Let i(k) = 6*d(k) - 11*z(k). Does 6 divide i(-1)?
True
Let w(s) = s**2 - 2*s - 3. Let l be w(4). Suppose -l*r + r = -100. Is r a multiple of 16?
False
Let w be 1 - 3/(-3) - -9. Suppose -4 = -5*t + w. Does 11 divide 134/6 - 1/t?
True
Let m = 5 + -1. Suppose 142 = 2*h + o, 108 + 160 = m*h - 2*o. Does 15 divide h?
False
Suppose 0 = 2*v - 2*m - 2*m + 18, -2*v = -m + 6. Let p = v - 3. Is 3 a factor of (-2)/p + 7/2?
False
Let i = -20 - -23. Is 3 a factor of i?
True
Let c = -52 - -115. Does 21 divide c?
True
Let r(b) = 2*b**3 + 6*b**2 - 5*b. Let w = -8 + 5. Let z(p) = 2*p**3 + 5*p**2 - 4*p - 1. Let v(y) = w*z(y) + 2*r(y). Does 8 divide v(-3)?
True
Let m(h) = -h**3 - h**2 + 6*h + 7. Does 31 divide m(-4)?
True
Let p(x) = -2*x. Let f(l) = l - 1. Let r(w) = -2*f(w) - 2*p(w). Suppose 2*u + 8 = 2*i - 6, 0 = 3*i - 4*u - 20. Is r(i) a multiple of 10?
False
Suppose -n + 2*i + 25 + 19 = 0, 5*i + 161 = 4*n. Is n a multiple of 34?
True
Let j = 1 - -1. Suppose -g - j*g = -30. Is 9 a factor of g?
False
Suppose 0*y + 2*y = 172. Is y a multiple of 39?
False
Let o = 37 + -22. Let b = o - 10. Suppose 5*v + b*w = 80, 4*w = 10 - 2. Does 14 divide v?
True
Suppose t = -0*t - 1. Let h = 3 - t. Is h even?
True
Suppose -28*h = -3*h - 3200. Does 16 divide h?
True
Let h(b) = -b**2 - 15*b - 1. Is 15 a factor of h(-6)?
False
Let w(c) = c**2 - 4*c - 7. Let n be w(6). Suppose -n*a + 140 = -0*a. Does 28 divide a?
True
Suppose 3*w - 1 = -4*j, -5 = 4*w - 3*j - 23. Suppose -3*z = w*y - 48, -3*y = -4*z - 5*y + 72. Does 8 divide z?
False
Suppose 2*x - 5*x - 6 = 0, 0 = -3*m - x + 67. Let t = 16 + m. Let p = t + -11. Is 14 a factor of p?
True
Let d = 5 + -4. Let v be 1 - -2*(d + 0). Suppose -3*w + 3*o + 23 = -7, 0 = v*o - 3. Is w a multiple of 5?
False
Let w(f) = 61*f. Is w(1) a multiple of 17?
False
Suppose 131 = a + 38. Does 29 divide a?
False
Suppose -s + 5*z + 332 = 3*s, 0 = -4*s - 4*z + 332. Is 15 a factor of s?
False
Suppose 5*t + 0*t = 160. Is 16 a factor of t?
True
Is 18 a factor of (36/24)/(2/24)?
True
Let o(y) = y**2 - 8. Suppose -16 = 4*z - 36. Does 5 divide o(z)?
False
Let a(k) be the third derivative of k**7/630 + k**6/180 + k**4/8 + k**2. Let r(y) be the second derivative of a(y). Is 15 a factor of r(3)?
False
Let w = 129 + -87. Is 6 a factor of w?
True
Suppose 0 = 5*r - 2*r - 48. Let f = r - -2. Let v = 32 - f. Is v a multiple of 14?
True
Suppose -3*a = -10 - 2. Let k be (2/a)/(1/52). Is 2 a factor of k/6 - 4/(-6)?
False
Suppose 5*a = 2*z + 4*a - 263, 2*z + 4*a = 248. Is 13 a factor of z?
True
Let b(q) = q**2 - 2*q - 4. Let f(s) = s**2 + s - 1. Let y be f(2). Suppose y*w + 18 = -7. Does 15 divide b(w)?
False
Suppose -7 = -2*i + 7. Suppose r = -4*r + 70. Let x = r + i. Does 11 divide x?
False
Suppose -4 - 2 = -2*d. Let h be (-1)/(1 - (-13)/(-12)). Suppose -2*k + 2*q + 21 - 1 = 0, d*q = -h. Is k a multiple of 3?
True
Let n(a) = 3*a**2 + 3*a + 4. Is 7 a factor of n(-2)?
False
Suppose -k - 2*k + 3*j = -69, 4*k - 71 = -3*j. Is 3 a factor of k?
False
Suppose -5*d + 2*n + 703 = -0*d, -4*d - 4*n + 540 = 0. Let y = -84 + d. Is y a multiple of 11?
True
Suppose -1 = 2*a - 5. Suppose -a*y + 66 = y. Suppose q + 3*w = w + y, q - w - 19 